30 = -0*v - 3*v. Let q(d) = 2 + 2 - d**2 + v*d + 3 - 6. Give q(8).
17
Let l(g) = 14*g - 71. Let p be (-10)/35 + (-74)/(-14). Let z be l(p). Let s(i) = -12*i + 1. Give s(z).
13
Let t(a) = -2*a + 6. Let w(d) = d**3 + d**2 + d - 1. Let b(f) = 3*f**3 + 10*f**2 - f - 9. Let z(v) = -b(v) + 4*w(v). Let y be z(5). Give t(y).
-4
Let w(r) = r**3 - 15*r**2 - r + 10. Let q = -1938 + 1953. Give w(q).
-5
Suppose -q + 7 = -s, 4*s - 4*q + 18 = -5*q. Let a(g) = -2*g + 2 + 5*g**2 + 9*g - 4*g**2. Determine a(s).
-8
Let w(z) be the second derivative of z**6/720 - 3*z**4/2 - 11*z. Let s(t) be the third derivative of w(t). What is s(5)?
5
Suppose -3*f - 4*d = -4*f + 26, -40 = -5*f + 2*d. Let h(b) = 2*b - 5. Determine h(f).
7
Let o be 124/(-12) - 2/3. Let n be 3*(-5)/(o + -4). Let y(c) = -3*c**2 + 4*c + 3 + 6*c**2 - n - 4*c**2. What is y(6)?
-10
Let s(n) be the first derivative of -4*n**2 - 90. What is s(-1)?
8
Suppose 5*j = -5*b + 10, -j - 4*j = -2*b - 3. Let p(m) = 2*m**2 - 41*m + j + 43*m + m**3 - 2. Suppose 0*f = -5*f - 10. Calculate p(f).
-5
Let b(d) = -d**2 + 11*d - 8. Let v be b(10). Suppose 24*m - 22*m = 12. Let o(n) = 3 - 2 + 5*n - m*n + 0*n**2 + 2*n**2. Give o(v).
7
Let g(m) = 175*m - 175*m - m**2. Let w(f) = -f**2 + f + 1. Let x be w(0). Calculate g(x).
-1
Let b(l) = -l + 23. Let p be b(18). Suppose 18 = p*m + m. Let i(w) = w**2 - w - 4. Calculate i(m).
2
Let k be -1*3*6*(-23)/(-69). Let p(g) = -g**2 - 7*g - 6. Calculate p(k).
0
Let m(i) = -i**2 + 11. Let s(n) = 8*n - 19. Let h be s(3). Let z be 0 - 0*(h + -6). Calculate m(z).
11
Suppose -q + 2 = 1. Let r(y) = -3*y - 4*y - 4*y**3 - 2 - q + 3*y**3 - 8*y**2. Let h be r(-7). Let g(w) = w + 1. Determine g(h).
-2
Let p(w) = 2*w**2 + 5*w + 8. Let z(n) be the second derivative of -n**4/12 - n**3/6 - n**2/2 - 16*n. Let y(d) = p(d) + 5*z(d). Calculate y(3).
-24
Let u(d) = d**3 - 9*d**2 - 13*d + 24. Suppose 67*z - 5 = 66*z, 5*f + 3*z - 65 = 0. What is u(f)?
-6
Let i(s) = 9*s - 807*s**2 - 2 + 10 + 808*s**2. Determine i(-10).
18
Suppose -i + 2*i = -1. Let f(t) be the first derivative of -5*t**4/2 - t**3/3 - t**2/2 - 58. Calculate f(i).
10
Suppose -3*j = 4 - 13. Let q be -1*(4 + -3 + j). Let l(a) be the third derivative of a**5/60 + a**4/12 - 2*a**3/3 + a**2. Calculate l(q).
4
Let h be 12/8*4*4/(-3). Let q(t) = -t**3 - 7*t**2 + 6*t - 3. Determine q(h).
13
Let z(b) = -5*b - 65. Let p(a) = a + 15. Let n(u) = 9*p(u) + 2*z(u). What is n(-7)?
12
Let s be (22/2*1)/1. Suppose -10*y = -s*y. Let u(p) = -p**2 - 3*p + 4. Let k(o) = -2*o**2 - 5*o + 8. Let t(q) = -3*k(q) + 5*u(q). Give t(y).
-4
Let v be 2/9 - 68/(-18). Let z(x) = v + 5 + 3*x + x. Determine z(-6).
-15
Let f be (0 - 3) + 3 + 4. Let z(y) = y**3 - 3*y**2 - 12 - 3*y - y**2 + 18. What is z(f)?
-6
Let z(n) = -n**3 + 6*n**2 + 7*n + 5. Suppose -2*v + 42 - 38 = -2*r, -5*v - r + 40 = 0. What is z(v)?
5
Let s(o) = 3*o**3 - o. Let a be (-1)/(3/(-6 - -3)). Let i be s(a). Let k(w) = -5 + 2*w - 3*w + i*w. Give k(0).
-5
Let t(d) = -d**2 - 7*d + 11. Let n = -108 + 100. Calculate t(n).
3
Let u(h) = h**3 - 5*h**2 - 8*h + 7. Suppose 36 = 3*p + p. Let a be 1/(-2) - p/6. Let d = 8 + a. Calculate u(d).
-5
Let w(y) = y**2 - y - 12. Let g(z) = z**2 - 11. Let d(a) = 6*g(a) - 5*w(a). Calculate d(-8).
18
Let u(i) be the second derivative of -26*i + 1/2*i**3 + 0 + 3*i**2. What is u(-4)?
-6
Let j(u) = 3*u + 1. Let z(t) = t**3 - 28*t**2 - 30*t + 27. Let k be z(29). Give j(k).
-5
Let t(k) = 10*k + 13*k + 13*k + 4 - 42*k. Let l(v) = -v + 2. Let j be l(-2). Determine t(j).
-20
Let a be 35/10 + (-27)/6. Let g(n) = 7*n. Calculate g(a).
-7
Let l(d) = -41*d**3 - 12*d**2 - 8*d + 15. Let o(g) = 9*g**3 + 3*g**2 + 2*g - 4. Let w(i) = -2*l(i) - 9*o(i). Determine w(4).
14
Suppose -18 = 4*w + 6. Let r(g) = 7*g + 3. Let t(v) = 12*v + 6. Let f(j) = 13*j + 6. Let h(s) = -3*f(s) + 2*t(s). Let o(q) = w*h(q) - 13*r(q). Determine o(-3).
0
Let n(d) = -2*d**2 + 3*d + 2. Suppose 3953 = 7*k + 3925. Determine n(k).
-18
Let s(w) = -w**3 + 9*w**2 + 10*w - 2. Suppose 4*v = 4*j - 44, 3*j = -2*j - 3*v + 63. Let l(r) = 4*r - 38. Let a be l(j). Determine s(a).
-2
Let a(b) = b**3 - 7*b**2 - b + 5. Let u = 406 - 399. Calculate a(u).
-2
Let r(l) = 6*l + l - 1 + l**2 + 5. Let f(v) = -v**3 - v**2 - 2*v. Let q be f(0). Suppose q = -2*n - 3 - 7. Give r(n).
-6
Let y be (-2)/21 - 220/(-105). Let n(i) = 6*i + 1. Give n(y).
13
Let n(v) = 3*v**3 + 56 - 4*v**3 - 8*v**2 + 13*v - 4*v + 4*v - 45. What is n(-9)?
-25
Let m(q) be the first derivative of -q**3/3 - 5*q**2 - q + 4. Let b = -1009 - -1002. Calculate m(b).
20
Suppose 3*o + 20 = 7*o. Let i(r) = -r**2 - 4. Let d(p) = -2*p - 1. Let x(h) = -3*d(h) + i(h). Determine x(o).
4
Let s(m) be the third derivative of 5*m**4/24 + m**3/6 - 71*m**2 - m. Calculate s(-1).
-4
Suppose 3*o = -2*q + 4, -q = -o + 5*o - 7. Let h(m) = -3*m**2 + 6*m - 5*m - m**o + 3*m**2. Calculate h(2).
-2
Let t be ((-7)/(-12))/(20/240). Let h(k) = -6*k + 6. Determine h(t).
-36
Let n(d) = -4*d - 10. Let y(b) = 13*b + 31. Let k(p) = -7*n(p) - 2*y(p). Calculate k(6).
20
Suppose -3*p = p - 28. Let g(s) be the first derivative of s**3/3 - 4*s**2 + s + 49. Give g(p).
-6
Let t = 422 + -427. Let l(n) = -n**2 - 1. Suppose -h + 0*g + 6 = -3*g, 0 = -2*h + 3*g + 3. Let p(v) = -2*v**2 + 3*v - 8. Let u(q) = h*l(q) + p(q). What is u(t)?
5
Let d(z) = -5*z - 2*z - 21*z**2 + 6 + 18*z**2 - z. Let c(w) = 13*w**2 + 33*w - 25. Let r(h) = 2*c(h) + 9*d(h). What is r(-6)?
4
Let i(p) = 355*p + 2124. Let a be i(-6). Let o(h) = 1 + 0*h + 0*h - h. Determine o(a).
7
Let a(u) = u + 9. Suppose -2*r = -3*j - 32, -4*r - 4*j + 64 = -2*j. Let p be (-28)/r*(-1 + 5). Determine a(p).
2
Let n(t) = 4*t - 10. Let y(c) = c. Let r(q) = n(q) - 5*y(q). Suppose -5*x - 27 - 13 = 0. Give r(x).
-2
Let q be ((0 - 5) + 12)*(3 + -2). Let p(y) = -y**2 + 8*y - 5. Give p(q).
2
Let v(h) = -3*h + 41. Let r(n) = -2*n + 21. Let w(m) = -5*r(m) + 3*v(m). Let s be w(-14). Suppose 2*j - s = -2. Let l(g) = -3*g**3 - g**2. Give l(j).
-4
Suppose -38 + 3 = -5*t. Let r(i) = -i + 13. Let a be r(t). Let p(m) be the second derivative of -m**3/3 + 2*m**2 - 2*m. Calculate p(a).
-8
Let x = -44 + 36. Let c(y) = -y**3 - 9*y**2 - 4*y + 9. Determine c(x).
-23
Let j(l) = -3*l**3 - 12*l**2 + 2*l + 2. Let o be (-5)/(-35) - (-232)/(-56)*1. Calculate j(o).
-6
Let t = 35 - 30. Suppose t*c - c + 52 = 2*i, 36 = -4*c - 2*i. Let d(o) = o**2 + 12*o + 15. Calculate d(c).
4
Let p(v) = -v**3 - 3*v**2 + 4*v + 3. Suppose -m + 4*n - 10 = -0*m, m = -2*n + 14. Let u be (m - (-1 - -5)) + -2. Suppose u = -w - 4 + 2. What is p(w)?
-9
Suppose -9 = -2*r - 3*h - 11, -3*r + 4*h = -31. Let p(o) = o**3 - 3*o**2 - 9*o + 3. Determine p(r).
8
Suppose 9*s + 5 = 14. Let l = -27 - s. Let u = l + 24. Let h(m) = m**3 + 4*m**2 + 2*m + 5. Give h(u).
-3
Let n(y) be the third derivative of -y**6/360 + y**5/120 + y**4/24 + 5*y**3/6 - 5*y**2. Let k(m) be the first derivative of n(m). Calculate k(3).
-5
Let d(k) = k**3 + k**2 - 2*k. Let x(a) = -7*a**3 - 6*a**2 + 11*a + 10. Let r(h) = -6*d(h) - x(h). Determine r(0).
-10
Let d(q) = q + 7. Let v(b) = b + 6. Let x(f) = -3*d(f) + 4*v(f). Give x(-6).
-3
Let s(c) = c**3 - 24*c**2 - 51*c - 20. Suppose -16*k - 2432 + 2848 = 0. What is s(k)?
6
Let w be 161/84 + -6 + 292/48. Let r(a) = -a**3 + 5*a**2 - a - 3. What is r(w)?
7
Let w(l) = -5*l**3 - 8*l**2 + 3*l + 3. Let q be w(-2). Let z(k) = -k**2 + k + 6. Let r(p) = 1. Let t(j) = 6*r(j) - z(j). What is t(q)?
20
Let a(t) = -5*t**3 + 3*t**2 - t + 6. Let m(n) = -4*n**3 + 4*n**2 - 3*n + 6. Let o(i) = 3*a(i) - 4*m(i). Calculate o(6).
12
Let q(s) be the third derivative of s**6/120 - 3*s**5/20 + s**4/4 + 5*s**3/6 + s**2 + 21*s. What is q(8)?
-11
Let n = 9 - 4. Suppose 4*s - 26 = 2*m, -n*s + m - 1 + 32 = 0. Let z(y) = -3 - 2 - 5 + 5 + y. Determine z(s).
1
Let p(a) = -25*a + 7. Let j(u) = 11*u - 3. Let h(y) = 9*j(y) + 4*p(y). What is h(-2)?
3
Suppose 8*i = 3*i - 25. Let j(z) = -2*z**2 + 5. Let a(y) = -2*y**2 - y + 6. Let l(f) = i*j(f) + 4*a(f). What is l(3)?
5
Suppose -4*l + 7*l + 60 = 0. Let n be (l/15 + 3)*-3. Let a(j) = -j**2 - 7*j - 2. Determine a(n).
8
Let x(l) = l + 9*l**2 + 0*l**3 + 3*l**3 - 2*l**3 + 0*l**2 + 3 - 2*l**3. Determine x(9).
12
Suppose -2*a + 5*k = a - 10, -a + 4 = -k. Let x(l) = 2*l - l**3 + 3*l + 1 - 9 + 0*l**3 - a*l**2. Give x(-6).
-2
Sup